3 - 5*x**2 + 4*x + 2. Determine q(4).
2
Let u(v) = -2*v**2 - 7*v - 5. What is u(-5)?
-20
Let a(s) = s**3 - 8*s**2 - s - 8. Calculate a(8).
-16
Let l(n) = -n**2. What is l(-1)?
-1
Let h(j) = j**2 - 73*j + 3. Determine h(0).
3
Let f(s) = 5*s + 44. Give f(-9).
-1
Let d(p) = 4*p + 24. What is d(-9)?
-12
Let u(l) = l - 6. Calculate u(4).
-2
Let t(q) = q**2 + 8*q + 5. Calculate t(-5).
-10
Let q(f) = -f**2 + 20*f - 43. What is q(16)?
21
Let m(k) = 2*k**2 + 7*k - 8. What is m(-3)?
-11
Let g(m) = 2*m**2 + 16*m - 5. Determine g(-8).
-5
Let y(d) = -36*d - 623. Calculate y(-17).
-11
Let v(i) = -i**3 + 9*i**2 + 16*i + 2. Calculate v(11).
-64
Let l(a) = 2*a**3 - 31*a**2 + 23*a - 118. Calculate l(15).
2
Let f(q) = -2*q**3 + 2*q**2 - 2*q + 7. Determine f(2).
-5
Let k(l) = l + 23. Give k(-19).
4
Let o(f) = -2*f**3 - 22*f**2 - 13*f + 19. Determine o(-10).
-51
Let i(s) = 2*s**2 + 35*s + 70. Determine i(-15).
-5
Let z(x) = x**3 + 2*x**2 - 2*x. What is z(3)?
39
Let l(i) = 10*i**3 + i**2 - i + 1. Calculate l(1).
11
Let d(r) = r**3 - 7*r**2 - r + 2. Determine d(7).
-5
Let t(b) = -b. Calculate t(-5).
5
Let x(j) = -j**3 + 13*j**2 + 2*j - 19. Determine x(13).
7
Let w(v) = 7*v. What is w(3)?
21
Let a(d) = -d**2 - d - 1. Calculate a(-2).
-3
Let z(j) = -11*j - 168. Determine z(-16).
8
Let i(p) = p**2 - 219*p - 1351. Calculate i(-6).
-1
Let a(i) = 6*i + 4. Calculate a(6).
40
Let u(r) = r - 2. Give u(-5).
-7
Let z(v) = -21*v + 59. Calculate z(2).
17
Let z(j) = -j + 4. Determine z(14).
-10
Let c(d) = -d**3 + 6*d**2 - 8*d + 1. Give c(3).
4
Let r(k) = -k**2 - 13*k - 8. Determine r(-13).
-8
Let b(a) = 4*a**3 + 3*a**2 + 3*a + 5. What is b(-2)?
-21
Let g(h) = -7*h + 8. What is g(-6)?
50
Let w(d) = -d**3 + 3*d**2 + 4*d. Give w(4).
0
Let q(d) = -3*d**3 - 2*d**2 - 2*d. Give q(-1).
3
Let g(j) = -47*j - 388. Give g(-8).
-12
Let l(h) = -h**2 + 8*h + 20. What is l(10)?
0
Let j(g) = g**3 - 7*g**2 + 8*g - 7. Give j(6).
5
Let q(b) = -b**3 - 7*b**2 + 59*b + 8. What is q(5)?
3
Let o(p) = p**3 - 11*p**2 + 11*p - 9. What is o(10)?
1
Let u(j) = j**2 - 10*j - 35. Calculate u(11).
-24
Let h(y) = -y + 4. Give h(9).
-5
Let z(s) = -6*s**2 - 33*s - 6. Give z(-9).
-195
Let z(t) = 8*t - 91. Calculate z(11).
-3
Let n(x) = -x**3 + 4*x**2 - 8*x - 5. Calculate n(4).
-37
Let a(q) = q**3 - 4*q**2 + 10*q - 26. Give a(5).
49
Let i(s) = -s**3 - 9*s**2 - 11*s + 8. Calculate i(-7).
-13
Let n(f) = -2*f**3 + 15*f**2 + 28*f - 22. What is n(9)?
-13
Let q(d) = d**3 + d**2 - 5*d - 6. Give q(-4).
-34
Let i(j) = -j**3 + 15*j**2 - 11. Determine i(15).
-11
Let z(c) = 2*c**2 + 25*c - 1. Calculate z(-15).
74
Let v(d) = 2*d + 12. Give v(19).
50
Let s(k) = 58*k**2 - 3*k + 2. Calculate s(1).
57
Let x(z) = z**2 - 18*z + 18. Give x(17).
1
Let c(k) = -k**3 - 3*k**2 + 4*k + 6. Calculate c(3).
-36
Let y(o) = -2*o**2 - 34*o - 113. What is y(-7)?
27
Let z(y) = -y - 15. What is z(-6)?
-9
Let x(b) = -b**2 - 16*b - 49. What is x(-12)?
-1
Let s(x) = -x**2 - 14*x - 12. What is s(-12)?
12
Let n(i) = i**3 - i**2 - 5*i - 1. Determine n(3).
2
Let t(w) = 8*w - 1. Determine t(2).
15
Let d(n) = 2*n**2 - 6*n - 13. Determine d(-5).
67
Let v(u) = -5*u - 18. Give v(6).
-48
Let x(u) = u**3 - 8*u**2 + 6. Calculate x(3).
-39
Let w(o) = o**2 - 4*o - 11. Calculate w(7).
10
Let i(g) = 25*g - 266. Determine i(11).
9
Let d(q) = -q**2 + 9*q + 37. Give d(12).
1
Let s(c) = -8*c - 138. What is s(-16)?
-10
Let s(p) = -29*p + 209. Give s(7).
6
Let g(m) = 4*m - 7. What is g(3)?
5
Let h(x) = -59*x + 230. Determine h(4).
-6
Let x(c) = -c - 14. Give x(12).
-26
Let m(k) = k**3 + 4*k**2 - k - 3. Give m(-3).
9
Let t(v) = -v**3 - 12*v**2 + 1. Give t(-12).
1
Let n(l) = -l**3 - 16*l**2 - 42*l - 19. Give n(-13).
20
Let c(h) = -11*h**2 + 7*h + 7. Give c(-1).
-11
Let a(v) = 6*v + 74. Give a(-10).
14
Let w(d) = 2*d**2 - 39*d + 23. Determine w(19).
4
Let o(a) = 5*a - 15. What is o(7)?
20
Let b(p) = -62*p + 2727. Determine b(44).
-1
Let s(g) = -g**3 + 22*g**2 - 20*g - 15. Give s(21).
6
Let l(v) = -v**2 - 13*v - 12. Calculate l(-13).
-12
Let w(u) = -4*u**3 - 3*u**2 + 11*u + 1. Calculate w(-2).
-1
Let s(b) = -11*b - 234. Calculate s(-15).
-69
Let y(z) = -2*z + 13. Give y(7).
-1
Let o(q) = -q**3 + 2*q**2 - 2*q + 3. What is o(2)?
-1
Let o(x) = 5*x + 21. What is o(-5)?
-4
Let o(p) = p**3 - 17*p**2 + 15*p - 15. Give o(16).
-31
Let s(g) = -g**2 - 27*g + 59. Calculate s(2).
1
Let q(f) = f**2 - 30*f - 63. Determine q(-2).
1
Let m(i) = i**3 - 3*i**2 - 2*i + 2. Determine m(4).
10
Let r(v) = -120*v - 602. Determine r(-5).
-2
Let i(k) = k**2 + 5*k + 1. Calculate i(-6).
7
Let p(j) = -4*j. Calculate p(9).
-36
Let z(t) = -t**2 + 6*t - 2. Give z(3).
7
Let n(u) = -2*u - 2. Calculate n(-8).
14
Let y(m) = 11*m + 122. Calculate y(-12).
-10
Let k(a) = -a + 7. Determine k(3).
4
Let v(g) = -3*g - 21. What is v(-14)?
21
Let f(n) = -8*n + 96. Determine f(12).
0
Let u(y) = y**3 + y**2 - y + 1. Calculate u(-3).
-14
Let l(s) = 21*s - 34. Determine l(2).
8
Let q(w) = w**3 + 21*w**2 + 19*w - 9. Give q(-20).
11
Let b(t) = -5*t**3 - t**2. Calculate b(-1).
4
Let k(p) = p**3 + 23*p**2 + 120*p - 5. Give k(-15).
-5
Let x(f) = -f**3 + 4*f**2 + 11*f - 8. What is x(5)?
22
Let k(q) = -10*q + 40. What is k(6)?
-20
Let i(r) = -9*r - 43. Calculate i(-11).
56
Let h(c) = c - 23. What is h(-10)?
-33
Let i(x) = -x**2 - 18*x - 72. Determine i(-12).
0
Let w(x) = -x + 3. Determine w(-9).
12
Let j(p) = -51*p + 108. Give j(2).
6
Let z(p) = p**3 - 2*p**2 - 3*p. Give z(-1).
0
Let c(r) = -r**2 - 21*r - 39. Calculate c(-19).
-1
Let z(c) = 31*c + 25. Determine z(-1).
-6
Let j(i) = 44*i - 14. Calculate j(3).
118
Let k(y) = -2*y**2 + 12*y. Determine k(6).
0
Let i(r) = -3*r**2 + 2. Determine i(3).
-25
Let c(z) = z + 3. What is c(5)?
8
Let v(d) = d**2 - 13*d + 21. Give v(6).
-21
Let y(n) = -13*n - 145. Give y(-13).
24
Let h(b) = -b**3 + 10*b**2 + 22*b + 10. Give h(12).
-14
Let q(c) = -10*c - 2. Calculate q(-3).
28
Let d(t) = -t**2 + 4*t + 21. Calculate d(-3).
0
Let s(o) = o**2 + 4*o + 2. Determine s(-10).
62
Let s(p) = p**2 - 8*p + 16. Calculate s(5).
1
Let q(o) = o**2 - 11*o - 38. What is q(14)?
4
Let n(j) = 5*j**2 - 27*j - 10. Determine n(5).
-20
Let s(m) = 4*m + 2. Determine s(-1).
-2
Let x(u) = -7*u**3 - 11*u + 12. Give x(1).
-6
Let j(m) = m**3 - m - 27. What is j(0)?
-27
Let z(i) = -i**2 + 15*i - 26. Give z(12).
10
Let n(h) = -33*h**2 + 4*h - 4. What is n(2)?
-128
Let u(y) = -6*y + 170. Calculate u(28).
2
Let r(b) = 8*b**3 - 2*b**2 - 3*b - 2. What is r(-1)?
-9
Let b(h) = h**3 - 21*h**2 + 37*h + 17. Give b(19).
-2
Let d(a) = -22*a - 182. Calculate d(-8).
-6
Let n(p) = -113*p + 896. Give n(8).
-8
Let k(m) = -3*m**3 + 55*m**2 + 38*m + 6. What is k(19)?
6
Let f(k) = -18*k + 47. Calculate f(3).
-7
Let i(d) = -16*d - 110. Determine i(-7).
2
Let t(c) = -7*c - 203. Give t(-27).
-14
Let r(a) = 7*a - 9. Calculate r(7).
40
Let x(l) = l**3 - 8*l**2 + 7. What is x(8)?
7
Let n(v) = -3*v. What is n(-2)?
6
Let c(v) = -5*v + 106. Give c(18).
16
Let y(c) = 2*c**2 - 31*c + 6. What is y(15)?
-9
Let f(u) = u - 8. Determine f(-18).
-26
Let w(n) = n**2 + 5*n + 3. Calculate w(-4).
-1
Let c(z) = 37*z**2 - z - 2. Calculate c(-1).
36
Let n(x) = -x**3 - 2*x - 1. Give n(-3).
32
Let q(w) = -w**2 + 17*w - 37. Determine q(16).
-21
Let z(u) = 26*u + 15. What is z(-6)?
-141
Let h(w) = -w**2 + 6*w + 17. Calculate h(14).
-95
Let r(u) = -3*u + 51. What is r(18)?
-3
Let k(x) = -9*x + 199. Give k(19).
28
Let k(q) = 2*q - 3. Calculate k(-8).
-19
Let v(b) = -23*b + 11. Determine v(-4).
103
Let v(a) = a**2 + 22*a - 151. Determine v(-28).
17
Let s(n) = -n**3 + 2*n**2 + 2*n + 9. Give s(6).
-123
Let r(l) = -9*l**2 + 3*l - 2. What is r(1)?
-8
Let t(k) = 2*k - 4. Calculate t(-3).
-10
Let x(g) = g**2 + 34*g + 162. What is x(-6)?
-6
Let g(y) = -2*y**3 + 2*y**2 - y + 2. Give g(2).
-8
Let a(l) = 7*l - 30. Determine a(6).
12
Let c(b) = 3*b - 38. Determine c(13).
1
Let d(w) = w**3 + 9*w**2 + 17*w + 2. Calculate d(-7).
-19
Let l(w) = -w**2 - 9*w - 3. What is l(-8)?
5
Let k(y) = 21*y - 7. Determine k(1).
14
Let x(k) = 8*k - 2. Determine x(-3).
-26
Let h(u) = 20*u**2 + u. Calculate h(-2).
78
Let f(w) = -w**3 - 17*w**2 - 14*w + 24. Determine f(-16).
-8
Let m(j) = j**3 - 4*j**2 - 11*j + 30. What is m(5)?
0
Let d(g) = -g - 8. Calculate d(4).
-12
Let s(c) = -c - 26. Give s(-29).
3
Let i(z)